-u*f = -17541 - 1756. Is f composite?
False
Let m = -22733 + 428590. Is m a prime number?
True
Suppose -1042*p = -1050*p + 40. Let j = 10 + -5. Is (-3)/j - (-6298)/p a prime number?
True
Let b = 3487 - 5986. Let n = -1343 - b. Let g = n - 599. Is g composite?
False
Suppose 4*c + 17*y = 19*y + 145248, -36305 = -c + 4*y. Is c a composite number?
False
Suppose -2*n - 28*y + 33*y = -546777, 1093614 = 4*n + 2*y. Is n a composite number?
True
Let h = 81407 - 47686. Is h a prime number?
True
Let u(p) = p. Suppose -g = -4*n - 5*g - 16, 14 = -n - 3*g. Let c(a) = 50*a + 14. Let y(q) = n*u(q) + c(q). Is y(3) composite?
False
Suppose 5*w = -4*y + 96, 7*w - y = 12*w - 84. Is (-7474)/(-3)*(72/w - 3) a composite number?
True
Suppose -5*m = 4*l - 55, -l - 30 = -2*m - 3*m. Suppose m*a + 9290 = 34441. Is a a composite number?
False
Is (-5203077)/(-22) - (126/28 - (1 - -3)) a prime number?
True
Suppose 0 = -4*j - 2*h + 1108626, 4*j + 4*h + 527448 - 1636072 = 0. Is j a prime number?
True
Suppose -2*b + 7*b = -a + 194, -4*b = -5*a - 132. Let u = -42 + b. Let k(m) = -300*m + 11. Is k(u) a composite number?
True
Suppose 3*g + g - 4 = 0, 3*h - 3*g = 81. Suppose 0 = 19*t - h*t + 64107. Is t a composite number?
True
Suppose 2*b - 10 = 0, -39*m = -36*m + 2*b - 461527. Is m prime?
False
Is (-11 - (-3 - 7))/(10/4)*-18035 a prime number?
False
Let m(h) = 155*h**3 + 17*h**2 - 29*h - 28. Is m(9) a composite number?
False
Suppose 127*x - 148*x = -126. Let n(g) = 540*g**3 - 2*g. Let z be n(2). Suppose -z = -4*k - 2*w, -5*k + 4*w = -x*k + 1065. Is k a composite number?
True
Suppose 12*r - 7*r = 40. Suppose 10*d = r*d. Suppose d = -5*u + 3*z + 5204, 786 = u - 4*z - 265. Is u a composite number?
False
Let o(j) = -2*j**2 - 17*j + 1. Let h be o(-8). Suppose h = 4*k - k. Is (0 - k)*(-922)/3 a prime number?
False
Suppose q = -3*b + 17, 4*b + 6*q - 26 = 3*q. Suppose 2*r + 4*v + 12 + 2 = 0, b = -r - 4*v. Let f = r + 122. Is f a composite number?
False
Let r be -1 + 2/((-4)/(-6)). Suppose -106 - 520 = -3*j + 2*p, -3*j + 3*p = -621. Suppose -j = -r*w + 1274. Is w a composite number?
False
Let k = -13516 - -19006. Suppose 2*h + 0*h - 8 = 0, -k = -2*v + 5*h. Suppose -4*c + v = 5*w - 7*c, -1653 = -3*w - 2*c. Is w a prime number?
False
Let k(d) = -1464*d + 47. Suppose 18*n - 19*n - 9 = 0. Is k(n) prime?
False
Let t = -178 + 293. Suppose z + 2*m - 98 - t = 0, -4*z = 4*m - 860. Is z a composite number?
True
Suppose -201712 + 2054554 = 114*l. Is l a composite number?
False
Suppose -46*s = 46, 5*s = 4*w + 9*s - 4752504. Is w prime?
False
Let l(y) be the third derivative of 887*y**7/840 + y**5/120 - y**4/24 - 8*y**3/3 + 4*y**2. Let v(h) be the first derivative of l(h). Is v(1) prime?
True
Is 359640/42 - ((-328)/(-56) + -6) a composite number?
False
Suppose -2*c + 41*f - 45*f = -2923746, -1461871 = -c - 3*f. Is c prime?
True
Let k(m) = 944*m + 3 - 2 + 3 - 5. Let j be k(2). Is (4 - 2)*j/6 prime?
False
Suppose -10*y + 12*y - 46 = 0. Suppose 0 = h - 6 + y. Let d(b) = -23*b - 12. Is d(h) composite?
False
Suppose 5*l - 2*q = -67305, -44702 = 3*l - 5*q - 4319. Let o = l + 21278. Is o prime?
True
Let g = -127 - -108. Let c(b) = -b**3 - 15*b**2 + 34*b - 10. Let u be c(g). Suppose 2*x = 1374 + u. Is x a prime number?
False
Let j be -1 + -5 - 12*(-2)/3. Suppose 0 = -2*p - s + 13517, -j*p - 5*s + 13497 = -0*s. Is p composite?
False
Let x = -292 - -287. Is 0 - -9512 - (x - -4 - -2) a prime number?
True
Suppose -16570 = -253*z + 255*z. Is 0 - ((-6)/15)/((-1)/z) a composite number?
True
Suppose 0 = 6*t + 4514 + 2404. Let h(s) = 7*s**3 + 7*s**2 - 11*s - 10. Let u be h(-7). Let j = t - u. Is j composite?
True
Let w = 1182 - -62. Suppose -3*l - 5867 = -3*j - w, -j - 3*l = -1549. Is j a prime number?
True
Suppose -17*d + 1816065 = 76336. Is d a prime number?
True
Suppose 7*z - 1754932 - 1658667 = 0. Is z a prime number?
True
Let l(a) = -a**3 - 3*a**2 - 2*a - 5. Let u be l(-3). Let x be 2/2 + 0/4 - u. Suppose x = -c - 3*c + 1156. Is c prime?
False
Let g = 551 + -551. Is (-9299)/(-1) + g/(-12) a composite number?
True
Suppose -4*i + 821 - 193 = 0. Let f = i + 1532. Let s = f - 346. Is s prime?
False
Let t = 39 + -50. Let d be t + 10 - 604*2. Let i = d - -2078. Is i a composite number?
True
Suppose 0 = -5*r - 19 + 29. Suppose 0 = -r*l - 7*w + 2*w + 28, 5*w = 4*l + 4. Suppose -4*d = -6*s + l*s - 762, -2*s = -2. Is d prime?
True
Suppose c - 607 = 2*c. Suppose -78*y - 5130 = -83*y. Let n = c + y. Is n a composite number?
False
Suppose 2*y - 6 = 5*u, 0 = -5*y + 3*u - 6*u + 15. Suppose c = -y*c + 20. Suppose -2*v = -c*j - 691, -3*j - 1805 = -5*v - 6*j. Is v a prime number?
False
Let v = -8527 - -544. Let q = 12530 + v. Is q prime?
True
Let y(h) = 7805*h**2 - 34*h - 665. Is y(-14) composite?
True
Suppose -4*i = -u + 81077, 10*u - 5*u - 405495 = -2*i. Is u a composite number?
False
Suppose -336*r = -372*r + 2109636. Is r prime?
True
Is 1*17927232/(-288)*3/(-2) composite?
False
Let v(c) = 11*c + 44. Let u be v(-4). Let s be 12/12 + (-166 - (u - 2)). Let a = s - -257. Is a prime?
False
Suppose -17245 = -5*j + o - 4628, 0 = -3*o - 6. Suppose 5*f = -2*n + 12609, f - n = 2*f - j. Is f a composite number?
False
Suppose -91*q = -936494 - 4407663. Is q composite?
False
Is (1/2)/(-1 + 37628/37624) prime?
True
Let b be 2*4/(-8)*(-1 + -8). Suppose -2*v + 1502 = 5*y, 0 = b*y - 4*y. Is v a composite number?
False
Let o = -56 - -59. Suppose o*i = 5*d - 3*d + 3, 0 = -5*d - 2*i + 2. Suppose -10*n + 4*n + 5748 = d. Is n a composite number?
True
Suppose 2*z - 3*z + 1588 = 0. Suppose 4380 = 3*s + s. Let k = z - s. Is k a composite number?
True
Is 17/((-442)/(-9519393))*6/9 a composite number?
False
Suppose 0 = -24*k - 362042 + 974186. Suppose t + 8747 = 4*u - k, 5*t = 2*u - 17131. Is u composite?
False
Let o(i) = -100*i**3 - 3*i**2 + 3*i + 2. Let z be o(2). Suppose 6*s = 11*s + 865. Let h = s - z. Is h composite?
False
Suppose 0 = -0*i + 12*i + 36. Let t(u) = 453*u**2 - 6*u + 2. Is t(i) a composite number?
True
Suppose -18652 = -3*p - p. Suppose -5*b = 5*g + 3251 + 6984, -6*g + 8238 = -4*b. Let c = b + p. Is c composite?
True
Suppose -4*j + 192 = -0*j. Let i be ((-176)/j)/((-2)/6). Suppose -i*h + 1348 = 215. Is h a composite number?
False
Let o = 81467 - 23865. Suppose -6697 + o = 5*j. Is j prime?
True
Let o = -431 - -1288. Suppose o = i + 4*g - 3308, -4*g = 16. Is i composite?
True
Let o = -129916 + 194463. Is o composite?
True
Let p be 4/32 + 117/24. Let i(m) = m**2 + 20*m - 30. Let j(b) = -b**2 - 21*b + 31. Let n(q) = p*j(q) + 4*i(q). Is n(-18) a composite number?
True
Let p be (2/7)/((-6)/(-42)). Suppose -17 = 3*d + h - 2*h, -h = p*d + 18. Is 1615 - (d - (-15)/5) a composite number?
False
Let n(t) = 73*t**2 - 32*t - 834. Is n(-45) composite?
True
Let j(r) = 1777*r + 2. Suppose -95 = -9*t - 10*t. Is j(t) a prime number?
True
Suppose -p - 7 = 2*i - 1, -3*p - 3*i = 6. Let x(c) = 468*c**2 - 4*c + 1. Is x(p) a prime number?
False
Let o(m) be the third derivative of 179*m**4/24 + 2*m**3 - 2*m**2. Suppose 0 = 5*r - 20, 4*r - 127 = -5*n - 66. Is o(n) a composite number?
True
Let o(x) = 5547*x - 29. Let d be o(3). Let b = d + -2863. Is b composite?
True
Let r(n) = 38037*n + 1934. Is r(5) a composite number?
True
Suppose -12 = -4*r + r. Let f(y) = 2*y**3 - 37*y**2 + 170*y - 11. Let h be f(8). Suppose 5*a = 15, 3*s = h*s - r*a - 2122. Is s a prime number?
False
Let k(w) = 14*w - 11. Let s(d) = -9*d + 7. Let v(q) = 5*k(q) + 7*s(q). Let o be v(3). Let x(z) = 11*z + 22. Is x(o) composite?
True
Suppose 5*j = -3 + 13. Let y be ((-8)/(-2))/j*-1. Is (-1 + 13/y)*310/(-15) prime?
False
Suppose 18 = 10*f - 16*f. Let z be f*(2 + 904/6). Let l = z + 1609. Is l a prime number?
True
Let a(x) = -50*x**3 - 7*x**2 + 13*x + 18. Let r be a(9). Is 7/35 + r/(-15) a prime number?
True
Let g(s) = -39*s**2 + 13*s + 27. Let b(o) = -o. Let i(t) = 3*b(t) - g(t). Is i(10) a composite number?
True
Let m(x) = -x - 29. Let n(z) = -17*z + 816. Let o(y) = -9*m(y) + n(y). Suppose 3*d + 2*d = 0. Is o(d) composite?
True
Suppose -13*x - 8686 + 41251 = 0. Suppose 2503*a + 28874 = x*a. Is a composite?
False
Let a be (-23)/(-1) - (-15)/(-5). Suppose a = -2*w + 168. Is (w/4)/(3/18 - 0) a composite number?
True
Let u = -45 - -48. Suppose 1 = 5*t - 3*x, -3 = 3*t - 0*t - u*x. Suppose -2*h